 is the tens digit of 7563/(-3)*29/116*-8?
4
Let f(h) be the first derivative of -167*h**4 - 6*h**3 - 10*h**2 - 2*h - 217. What is the hundreds digit of f(-1)?
6
Let j(u) = 2*u**3 - 20*u**2 + 15*u + 29. Let s be j(9). Suppose s*m = -2, -2*i + 2*m = -4*i + 746. What is the tens digit of i?
7
Let p be (-12)/4*(-14)/(-3). Let y be (1 - (-30)/(-42)) + (-52)/p. Suppose -x - y = 0, -2*d + d - 3*x = -102. What is the tens digit of d?
1
Let a(n) = n**3 + 13*n**2 - 27*n + 89. Let o(u) = u**3 + 14*u**2 - 26*u + 89. Let r(c) = -6*a(c) + 7*o(c). What is the tens digit of r(-21)?
6
What is the thousands digit of 5*-2*(21364/(-10) + 246/(-123))?
1
Let z(b) = 22*b + 205. Let p be z(-10). What is the hundreds digit of 4/10 - 24084/p?
6
Let a(o) = -o**3 + 18*o**2 + 37*o + 27. What is the units digit of a(18)?
3
Let y(j) be the second derivative of j**4/6 + 8*j**3/3 + 7*j**2 + j. Let h(x) = -x**2 - 12*x + 54. Let n be h(4). What is the units digit of y(n)?
4
Let r(z) = z**3 + 34*z**2 + 66*z + 309. What is the thousands digit of r(-29)?
2
Suppose 3 = 13*h - 12*h. Suppose -f = -h + 4. What is the tens digit of (-117 - -3)/(2/f)?
5
Suppose -20*g = -24*g + 16. Suppose 6 = v - o - 3, 0 = -g*o - 20. Let c(q) = 11*q - 15. What is the tens digit of c(v)?
2
Suppose -270 = 5*a - 14*a. What is the units digit of (531/(-6))/((-45)/a)?
9
What is the tens digit of (2/(-5) + 969576/240)/(3/8)?
7
Suppose 2*s - 18890 = -4*x, 23*s - 144297 = -5*x + 73184. What is the thousands digit of s?
9
Suppose 11*d - 13*d - 43039 = -5*l, 5*l - d - 43037 = 0. What is the thousands digit of l?
8
Let j(n) = -2*n**3 - 25*n**2 - 4*n - 37. Let y be (-33)/2 + 35/14. What is the hundreds digit of j(y)?
6
Suppose -5*m + 17 = -4*u, -42*u - 5*m + 21 = -44*u. Suppose u*c + 3*y - 215 = 0, 5*c + 10 - 516 = 3*y. What is the hundreds digit of c?
1
Let d(b) = 6*b - 916 + 920 + 203*b**2 - 3*b. What is the units digit of d(-1)?
4
Let h(c) = -4*c + 9. Let i be h(-7). Let g = -441 + 479. Suppose 82 = g*o - i*o. What is the tens digit of o?
8
Suppose -10*q - 306 = -56. Let k = 75 - q. Let x = k + -32. What is the units digit of x?
8
Let m = 16644 - 9848. What is the hundreds digit of m?
7
Let a = 6216 - 3052. What is the hundreds digit of a?
1
Let r(l) = 48*l**2 + 37*l + 1310. What is the thousands digit of r(-37)?
5
Suppose 0 = 7*l - 9*l - 5*k + 3540, 4*k + 1770 = l. What is the hundreds digit of l?
7
Let c = 43353 + -10057. What is the tens digit of c?
9
Let x(o) = -4*o**2 - 31*o + 72. Let z(l) = 3*l**2 + 30*l - 73. Let w(p) = -4*x(p) - 5*z(p). What is the hundreds digit of w(30)?
1
Suppose 0 = 10*k - 4*k - 360. Suppose 35*f - k*f = -23775. What is the hundreds digit of f?
9
Let h = -15859 - -34046. What is the units digit of h?
7
Suppose 256*m - 224*m - 99232 = 0. What is the units digit of m?
1
Let g(x) = 5*x**2 + 7*x - 4. Let r be g(-2). Suppose -838 = -2*d - 5*l, -5*l = 4*d - r*l - 1676. What is the units digit of d?
9
Let f be (-380)/(-90) - (-3 - (-58)/18). Suppose -5*v = -f*x - 8494, -3*v + 4*x - 6788 = -7*v. What is the hundreds digit of v?
6
Let a = 35 + 6. Let d = a + -8. Let c = 106 - d. What is the units digit of c?
3
What is the thousands digit of (-2 - -16)*(-7024)/(-28)?
3
Let r = -36785 - -61548. What is the thousands digit of r?
4
Let y = -1634 - -1112. Let g = 1300 - y. What is the hundreds digit of g?
8
What is the hundreds digit of (0 + -7617)*(-3)/4*2080/780?
2
Let i = 5 - 16. Let l(x) = -4*x - 2. What is the units digit of l(i)?
2
Let b = -22 - 14. Suppose -524 = -6*d + 52. Let z = b + d. What is the tens digit of z?
6
Let j be (1 + -22)*(-6)/18. Suppose 582 = 4*s + 2*r, -2*s + r = -j*s + 735. What is the units digit of s?
8
Let y(w) = -16*w**2 + 78*w - 24. Let v be y(5). Suppose -3*c - 4*s = 125, 132 = -3*c + 3*s - 0*s. Let q = v - c. What is the units digit of q?
9
Suppose -3*o + 27501 = -6*h, -17646 = -5*o - 2*h + 28129. What is the tens digit of o?
5
Suppose 11*l + 274 - 1495 = 0. Suppose 0 = -l*s + 131*s - 23000. What is the tens digit of s?
5
Suppose 2*d = -7*d + 11187. Suppose -5*y - d = 3*m - 6*m, 5*y - 441 = -m. What is the tens digit of m?
2
Let c be 2*(-5 + (-9688)/16). Let t = c - -2395. What is the hundreds digit of t?
1
Let y(j) = j**3 + 8*j**2 - 4*j - 5. Let p be y(-8). Let l = 3 - p. What is the tens digit of (-16)/l*102/4?
1
Let g(u) = -20*u**2 + 52*u - 2*u**3 - 19*u - 22*u + 16 - 18*u. What is the hundreds digit of g(-13)?
1
Let a(z) = 17*z**3 - 7*z**2 - 11. Let b(l) = -34*l**3 + 14*l**2 + 3*l + 22. Let q(n) = 7*a(n) + 3*b(n). What is the tens digit of q(3)?
1
Let g be 282/5 + 2/(-5). Suppose 117*w + 3740 = 161*w. Let l = w - g. What is the units digit of l?
9
Let y = 36374 + -4995. What is the thousands digit of y?
1
Let n(h) = 7661*h - 64. Let x be n(9). What is the tens digit of x/92 - (-3)/(-4)?
4
Suppose -1008 = -j - 5*j. Let a(w) = 7*w - 53. Let p be a(8). Suppose -p*i = 4*i - j. What is the tens digit of i?
2
Let n = -3 - -3. Let v(d) = 13*d**2 - 13*d + 65. Let o(j) = 2*j**2 - 2*j - 2. Let i(l) = -6*o(l) + v(l). What is the tens digit of i(n)?
7
What is the units digit of (1206/(-4))/(67/(-2278)) - 9?
2
Suppose -314387 - 630326 = -77*c. What is the hundreds digit of c?
2
What is the hundreds digit of (3 - -13)/((-8)/34096*-2)?
0
Let a be -3 - (-2*6 + 6). Suppose 20*z - 9248 = a*z. What is the units digit of z?
4
Let d(o) = 8*o**2 + 11*o. Let l be d(5). Let b = 491 - l. What is the units digit of b?
6
Let j(k) = -k**3 + k + 1. Let c(d) = -5*d**3 - d**2 + 10*d - 9. Let b(f) = -c(f) + 6*j(f). What is the tens digit of b(-5)?
8
Let i = 8128 + -4393. What is the hundreds digit of i?
7
Let n(f) = 100*f**2 + 43*f - 198. What is the tens digit of n(-9)?
1
Let q = -2 + -13. Let t be (-51)/(-12) + q/(-20). Suppose l + 72 = t*l. What is the tens digit of l?
1
Let h be 9*(-2 + (-28)/(-12)). Suppose -5*j + 2*g = -20, -2*j = g + 4 - h. What is the units digit of -4*(j - 276/16)?
1
Suppose -44163 = -3*t - 5*j + 29884, 2*t - 49367 = -j. What is the ten thousands digit of t?
2
Let a(s) = s**2 - 8*s + 1. Let d be a(10). Let n = d - -642. Suppose 9*m + 24 = n. What is the units digit of m?
1
Let s(d) = 213*d + 392. Let c be s(-16). What is the tens digit of (c/(-5))/(188/470)?
0
Suppose -3*u = q - 40, -8*u + 6*u = 2*q - 28. Let p = -64 - -69. Suppose n - 3*d = -u + 3, 0 = -p*n + 4*d + 5. What is the units digit of n?
5
Let o(d) = -d**3 + 7*d**2 + 2*d + 18. Let q be o(8). Let h be (1 - 4) + q/((-6)/3). What is the units digit of -1 + 17/((-35)/h - -3)?
3
Suppose 1612 = 5*r + g, 0*g + 3 = -g. Suppose -322*p = -r*p + 297. What is the tens digit of p?
9
Suppose 0 = 4*t - 4877 - 11463. Suppose -7323 - t = -31*g. What is the hundreds digit of g?
3
Let v(i) be the first derivative of i**4/2 - 31*i**3/3 - 8*i**2 + 43*i - 259. What is the units digit of v(18)?
5
Let j be (-2 + -1)/(2/((-32)/(-4))). Let r(a) = 7*a**2 + 21*a + 38. What is the hundreds digit of r(j)?
7
Suppose 8*g - 5 - 11 = 0. Let m(c) = 9 + 3 + 22*c + 6 - 2*c**g - 25. What is the tens digit of m(6)?
5
Let p(v) = 11*v + 77. Let s be p(-7). Suppose s = -95*z + 98*z - 1020. What is the tens digit of z?
4
Let u(n) = -3 + 3*n + 2*n + 6*n + 20 + 41*n**2 + 36*n**2. What is the units digit of u(-3)?
7
Let u(v) = 3*v**2 - 164*v - 52. Let b be u(55). Let i(a) be the second derivative of 7*a**4/12 - 2*a**3/3 - a**2 + 2*a. What is the units digit of i(b)?
9
Let t be ((-4)/(-6))/((-1)/3). Let c be 0/(-2) + -45 - 8. What is the units digit of t + (4 - c/1)?
5
Let w = -250 + 129. Let j = w + 26. Let m = j + 143. What is the units digit of m?
8
Let r(q) = 106*q**3 - 12*q**2 + 23*q + 1. What is the ten thousands digit of r(5)?
1
Let o be -163 + -1*(-45)/(-9). What is the tens digit of ((-130)/104)/((-1 + 2)/o)?
1
Let a = 149 - 142. What is the units digit of -146*(a/(-35) + 66/(-20))?
1
Let c = 3494 - 1074. Suppose c = 18*d - 15202. What is the hundreds digit of d?
9
What is the hundreds digit of 3/(2/3158 + 0) + 325 + -324?
7
Suppose 25*f - 24*f = 0. What is the units digit of f + 2/7 + (-46560)/(-210)?
2
Suppose -62 + 75 = -a. What is the hundreds digit of a/(14/(-21)*(-1)/(-18))?
3
Suppose 5*m + 3*c - 117 = 0, 0 = -4*m + c + 11 + 69. What is the hundreds digit of (8/7)/(6/m) - -564?
5
Suppose 5*z + 42937 = 3*w + 4*z, -z = -8. What is 